{"id":194,"date":"2018-07-03T17:46:16","date_gmt":"2018-07-03T15:46:16","guid":{"rendered":"https:\/\/autempssuspendu.net\/site\/?page_id=194"},"modified":"2018-07-22T19:18:38","modified_gmt":"2018-07-22T17:18:38","slug":"le-massage-ayurveda","status":"publish","type":"page","link":"https:\/\/autempssuspendu.net\/site\/le-massage-ayurveda\/","title":{"rendered":"Le Massage-Ayurv\u00e9da"},"content":{"rendered":"<p><strong><em><span style=\"font-size: 12pt;\"><img loading=\"lazy\" class=\"wp-image-403 alignleft\" src=\"https:\/\/autempssuspendu.net\/site\/wp-content\/uploads\/2018\/07\/auyrv\u00e9da-1.jpg\" alt=\"\" width=\"210\" height=\"322\" \/>\u00ab<\/span><\/em><\/strong><strong><em><span style=\"font-size: 12pt;\">l&rsquo;homme est un Microcosme du macrocosme\u00a0\u00bbLokaPurusha<\/span><\/em><\/strong><\/p>\n<p><strong><span style=\"font-size: 12pt;\">Qu<\/span><\/strong><strong><span style=\"font-size: 12pt;\">&lsquo;est-ce donc\u00a0?<\/span><\/strong><br \/>\n<span style=\"font-size: 12pt;\"><br \/>\nCe Massage d&rsquo;origine indienne \u00e0 l&rsquo;huile de s\u00e9same bio, a pour but de d\u00e9toxifier l&rsquo;organisme de ses toxines et de soulager les tensions musculaires et psychiques. Selon la personnalit\u00e9 et l\u2019\u00e9tat d&rsquo;esprit de la personne, il peut s&rsquo;effectuer de mani\u00e8re douce ou plus \u00e9nerg\u00e9tique R\u00e9alis\u00e9 de mani\u00e8re \u00e9<\/span><span style=\"font-size: 12pt;\">nerg\u00e9tique, il \u00e9quivaut \u00e0 une s\u00e9ance de sport, pour les\u00a0<\/span><span style=\"font-size: 12pt;\">person<\/span><span style=\"font-size: 12pt;\">nes ne pratiquant pas d&rsquo;activit\u00e9s physiques.<\/span><\/p>\n<p><strong><span style=\"font-size: 12pt;\">Il est id\u00e9al\u00a0\u2026<\/span><\/strong><br \/>\n<span style=\"font-size: 12pt;\">Il peut \u00eatre utile pour les personnes exer\u00e7ant une activit\u00e9 physique intense ou mod\u00e9r\u00e9e. Il aide \u00e0 la pr\u00e9paration physique lors des comp\u00e9titions sportives. R\u00e9alis\u00e9 de mani\u00e8re douce, il aide \u00e0 la d\u00e9tente, et favorise le bien-\u00eatre.<\/span><\/p>\n<p><strong><span style=\"font-size: 12pt;\">Les Bienfaits&#8230;<\/span><\/strong><br \/>\n<span style=\"font-size: 12pt;\">-Diminue les tensions physiques -Ressource -renforce les d\u00e9fenses naturelles du corps. -Diminue le stress. &#8211; pr\u00e9pare les muscles \u00e0 une activit\u00e9 physique ou soulage les muscles \u00e0 la suite d&rsquo;une activit\u00e9 physique.<\/span><\/p>\n<p>&nbsp;<\/p>\n<p style=\"text-align: right;\"><strong><span style=\"font-size: 10pt;\">Dur\u00e9e: 1h40 pour le massage ayurv\u00e9da complet, 60 minutes pour le massage auyrv\u00e9da (face ventrale ou dorsale) <\/span><\/strong><\/p>\n<p style=\"text-align: right;\"><strong><span style=\"font-size: 10pt;\">Dur\u00e9e: 90 euros pour le massage ayurv\u00e9da complet, 60 euros le massage auyrv\u00e9da\u00a0 ( face ventrale ou dorsale)<\/span><\/strong><\/p>\n","protected":false},"excerpt":{"rendered":"<p>\u00abl&rsquo;homme est un Microcosme du macrocosme\u00a0\u00bbLokaPurusha Qu&lsquo;est-ce donc\u00a0? Ce Massage d&rsquo;origine indienne \u00e0 l&rsquo;huile de s\u00e9same bio, a pour but de d\u00e9toxifier l&rsquo;organisme de ses toxines et de soulager les <a class=\"more-link\" href=\"https:\/\/autempssuspendu.net\/site\/le-massage-ayurveda\/\">Lire la suite \u2192<\/a><\/p>\n","protected":false},"author":2,"featured_media":0,"parent":0,"menu_order":0,"comment_status":"closed","ping_status":"closed","template":"","meta":[],"_links":{"self":[{"href":"https:\/\/autempssuspendu.net\/site\/wp-json\/wp\/v2\/pages\/194"}],"collection":[{"href":"https:\/\/autempssuspendu.net\/site\/wp-json\/wp\/v2\/pages"}],"about":[{"href":"https:\/\/autempssuspendu.net\/site\/wp-json\/wp\/v2\/types\/page"}],"author":[{"embeddable":true,"href":"https:\/\/autempssuspendu.net\/site\/wp-json\/wp\/v2\/users\/2"}],"replies":[{"embeddable":true,"href":"https:\/\/autempssuspendu.net\/site\/wp-json\/wp\/v2\/comments?post=194"}],"version-history":[{"count":9,"href":"https:\/\/autempssuspendu.net\/site\/wp-json\/wp\/v2\/pages\/194\/revisions"}],"predecessor-version":[{"id":455,"href":"https:\/\/autempssuspendu.net\/site\/wp-json\/wp\/v2\/pages\/194\/revisions\/455"}],"wp:attachment":[{"href":"https:\/\/autempssuspendu.net\/site\/wp-json\/wp\/v2\/media?parent=194"}],"curies":[{"name":"wp","href":"https:\/\/api.w.org\/{rel}","templated":true}]}}