{"id":298,"date":"2018-07-06T17:32:08","date_gmt":"2018-07-06T15:32:08","guid":{"rendered":"https:\/\/autempssuspendu.net\/site\/?page_id=298"},"modified":"2018-07-22T19:02:53","modified_gmt":"2018-07-22T17:02:53","slug":"mais-aussi","status":"publish","type":"page","link":"https:\/\/autempssuspendu.net\/site\/mais-aussi\/","title":{"rendered":"Au temps suspendu c&rsquo;est aussi&#8230;"},"content":{"rendered":"<ul>\n<li>Des cours collectifs en sophrologie et en art-th\u00e9rapie.<\/li>\n<li>Des ateliers relaxation\/massage parent-enfant .<\/li>\n<li>Des samedis solidaires.<\/li>\n<li>Des apr\u00e8s midi bien-\u00eatre \u00e0 domicile.<\/li>\n<li>des stages Mieux-\u00eatre enfant et adultes plusieurs fois dans l&rsquo;ann\u00e9e &#8230;.<\/li>\n<\/ul>\n","protected":false},"excerpt":{"rendered":"<p>Des cours collectifs en sophrologie et en art-th\u00e9rapie. Des ateliers relaxation\/massage parent-enfant . Des samedis solidaires. Des apr\u00e8s midi bien-\u00eatre \u00e0 domicile. des stages Mieux-\u00eatre enfant et adultes plusieurs fois <a class=\"more-link\" href=\"https:\/\/autempssuspendu.net\/site\/mais-aussi\/\">Lire la suite \u2192<\/a><\/p>\n","protected":false},"author":2,"featured_media":0,"parent":0,"menu_order":0,"comment_status":"closed","ping_status":"closed","template":"","meta":[],"_links":{"self":[{"href":"https:\/\/autempssuspendu.net\/site\/wp-json\/wp\/v2\/pages\/298"}],"collection":[{"href":"https:\/\/autempssuspendu.net\/site\/wp-json\/wp\/v2\/pages"}],"about":[{"href":"https:\/\/autempssuspendu.net\/site\/wp-json\/wp\/v2\/types\/page"}],"author":[{"embeddable":true,"href":"https:\/\/autempssuspendu.net\/site\/wp-json\/wp\/v2\/users\/2"}],"replies":[{"embeddable":true,"href":"https:\/\/autempssuspendu.net\/site\/wp-json\/wp\/v2\/comments?post=298"}],"version-history":[{"count":5,"href":"https:\/\/autempssuspendu.net\/site\/wp-json\/wp\/v2\/pages\/298\/revisions"}],"predecessor-version":[{"id":443,"href":"https:\/\/autempssuspendu.net\/site\/wp-json\/wp\/v2\/pages\/298\/revisions\/443"}],"wp:attachment":[{"href":"https:\/\/autempssuspendu.net\/site\/wp-json\/wp\/v2\/media?parent=298"}],"curies":[{"name":"wp","href":"https:\/\/api.w.org\/{rel}","templated":true}]}}